{"id":7523,"date":"2023-02-01T17:18:19","date_gmt":"2023-02-01T17:18:19","guid":{"rendered":"http:\/\/grazimac.pt\/?page_id=7523"},"modified":"2023-02-02T16:24:33","modified_gmt":"2023-02-02T16:24:33","slug":"antivibracao-damshake","status":"publish","type":"page","link":"https:\/\/grazimac.pt\/?page_id=7523","title":{"rendered":"Antivibra\u00e7\u00e3o &#8211; Damshake"},"content":{"rendered":"\n<div class=\"wp-block-media-text alignwide is-stacked-on-mobile\"><figure class=\"wp-block-media-text__media\"><img loading=\"lazy\" decoding=\"async\" width=\"951\" height=\"779\" src=\"https:\/\/grazimac.pt\/wp-content\/uploads\/2022\/03\/dampshake-simulato-no-appendi.png\" alt=\"\" class=\"wp-image-7367 size-full\" srcset=\"https:\/\/grazimac.pt\/wp-content\/uploads\/2022\/03\/dampshake-simulato-no-appendi.png 951w, https:\/\/grazimac.pt\/wp-content\/uploads\/2022\/03\/dampshake-simulato-no-appendi-300x246.png 300w, https:\/\/grazimac.pt\/wp-content\/uploads\/2022\/03\/dampshake-simulato-no-appendi-768x629.png 768w\" sizes=\"auto, (max-width: 951px) 100vw, 951px\" \/><\/figure><div class=\"wp-block-media-text__content\">\n<h2 class=\"wp-block-heading\">DAMSHAKE<\/h2>\n\n\n\n<p>DAMPSHAKE \u00e9 um amortecedor de vibra\u00e7\u00f5es em borracha reciclada, fornecido em rolos, pain\u00e9is ou em pequenas embalagens, para a redu\u00e7\u00e3o de vibra\u00e7\u00f5es e ru\u00eddos de impacto. A utiliza\u00e7\u00e3o de um pol\u00edmero ligante com elasticidade muito elevada e a estrutura espec\u00edfica do \u201ccolch\u00e3o\u201d, permitem um isolamento de classe superior a vibra\u00e7\u00f5es e ru\u00eddos de impacto, garantido ao longo do tempo.<\/p>\n\n\n\n<p>Principais aplica\u00e7\u00f5es:<\/p>\n\n\n\n<p>DAMPSHAKE \u00e9 usado como uma camada de separa\u00e7\u00e3o horizontal e vertical resiliente no isolamento de ru\u00eddos de impacto e vibra\u00e7\u00f5es produzidos por unidades de ar condicionado, elevadores, m\u00e1quinas de lavar, compressores \u2026<\/p>\n<\/div><\/div>\n","protected":false},"excerpt":{"rendered":"<p>DAMSHAKE DAMPSHAKE \u00e9 um amortecedor de vibra\u00e7\u00f5es em borracha reciclada, fornecido em rolos, pain\u00e9is ou em pequenas embalagens, para a redu\u00e7\u00e3o de vibra\u00e7\u00f5es e ru\u00eddos de impacto. A utiliza\u00e7\u00e3o de um pol\u00edmero ligante com elasticidade muito elevada e a estrutura espec\u00edfica do \u201ccolch\u00e3o\u201d, permitem um isolamento de classe superior a [&hellip;]<\/p>\n","protected":false},"author":1,"featured_media":7525,"parent":7335,"menu_order":0,"comment_status":"closed","ping_status":"closed","template":"","meta":{"_monsterinsights_skip_tracking":false,"_monsterinsights_sitenote_active":false,"_monsterinsights_sitenote_note":"","_monsterinsights_sitenote_category":0,"footnotes":""},"class_list":["post-7523","page","type-page","status-publish","has-post-thumbnail","hentry"],"_links":{"self":[{"href":"https:\/\/grazimac.pt\/index.php?rest_route=\/wp\/v2\/pages\/7523","targetHints":{"allow":["GET"]}}],"collection":[{"href":"https:\/\/grazimac.pt\/index.php?rest_route=\/wp\/v2\/pages"}],"about":[{"href":"https:\/\/grazimac.pt\/index.php?rest_route=\/wp\/v2\/types\/page"}],"author":[{"embeddable":true,"href":"https:\/\/grazimac.pt\/index.php?rest_route=\/wp\/v2\/users\/1"}],"replies":[{"embeddable":true,"href":"https:\/\/grazimac.pt\/index.php?rest_route=%2Fwp%2Fv2%2Fcomments&post=7523"}],"version-history":[{"count":1,"href":"https:\/\/grazimac.pt\/index.php?rest_route=\/wp\/v2\/pages\/7523\/revisions"}],"predecessor-version":[{"id":7526,"href":"https:\/\/grazimac.pt\/index.php?rest_route=\/wp\/v2\/pages\/7523\/revisions\/7526"}],"up":[{"embeddable":true,"href":"https:\/\/grazimac.pt\/index.php?rest_route=\/wp\/v2\/pages\/7335"}],"wp:featuredmedia":[{"embeddable":true,"href":"https:\/\/grazimac.pt\/index.php?rest_route=\/wp\/v2\/media\/7525"}],"wp:attachment":[{"href":"https:\/\/grazimac.pt\/index.php?rest_route=%2Fwp%2Fv2%2Fmedia&parent=7523"}],"curies":[{"name":"wp","href":"https:\/\/api.w.org\/{rel}","templated":true}]}}