{"id":7342,"date":"2021-11-04T17:50:14","date_gmt":"2021-11-04T17:50:14","guid":{"rendered":"http:\/\/grazimac.pt\/?page_id=7342"},"modified":"2023-09-12T12:00:55","modified_gmt":"2023-09-12T12:00:55","slug":"grelha-para-relva","status":"publish","type":"page","link":"https:\/\/grazimac.pt\/?page_id=7342","title":{"rendered":"Grelha para Relva"},"content":{"rendered":"\n<div class=\"wp-block-image\"><figure class=\"alignleft size-full is-resized\"><img loading=\"lazy\" decoding=\"async\" src=\"https:\/\/grazimac.pt\/wp-content\/uploads\/2021\/11\/green_parking2014-m83p4g1r1wtqujt2j1yip8az19xbrooz29wxaqxkse.png\" alt=\"\" class=\"wp-image-7343\" width=\"313\" height=\"224\"\/><\/figure><\/div>\n\n\n\n<p> O <strong>GREEN PARKING<\/strong> \u00e9 uma grelha de enrelvamento composta de placas com elementos hexagonais em pl\u00e1stico reciclado com preval\u00eancia de PEAD, destina-se \u00e0 cria\u00e7\u00e3o de zonas de estacionamento e caminhos transit\u00e1veis. A forma hexagonal apresenta uma excelente resist\u00eancia protegendo a relva.<br>As placas GREEN PARKING s\u00e3o produzidas inteiramente com pl\u00e1stico reciclado de recolha seletiva. Este material garante anti apodrecimento e resist\u00eancia \u00e0s agress\u00f5es qu\u00edmicas de fertilizantes.<br>As grelhas de enrelvamento est\u00e3o dispon\u00edveis nas cores verde, cinza e preto, o sistema \u00e9 produzido em duas vers\u00f5es: leve e pesada com dimens\u00f5es 40x40x4cm e tem uma superf\u00edcie de escoamento em torno de 90%. A vers\u00e3o light \u00e9 adequada para enchimento com gravilha. <\/p>\n\n\n\n<p class=\"has-text-align-right\">Recomenda-se uma pendente superior a 6%.<\/p>\n\n\n\n<p> <\/p>\n\n\n\n<div class=\"wp-block-columns alignwide are-vertically-aligned-top is-layout-flex wp-container-core-columns-is-layout-28f84493 wp-block-columns-is-layout-flex\">\n<div class=\"wp-block-column is-vertically-aligned-top is-layout-flow wp-block-column-is-layout-flow\" style=\"flex-basis:100%\">\n<div class=\"wp-block-group\"><div class=\"wp-block-group__inner-container is-layout-flow wp-block-group-is-layout-flow\">\n<div class=\"wp-block-columns is-layout-flex wp-container-core-columns-is-layout-28f84493 wp-block-columns-is-layout-flex\">\n<div class=\"wp-block-column is-layout-flow wp-block-column-is-layout-flow\" style=\"flex-basis:100%\">\n<figure class=\"wp-block-gallery columns-3 is-cropped wp-block-gallery-1 is-layout-flex wp-block-gallery-is-layout-flex\"><ul class=\"blocks-gallery-grid\"><li class=\"blocks-gallery-item\"><figure><img loading=\"lazy\" decoding=\"async\" width=\"800\" height=\"596\" src=\"https:\/\/grazimac.pt\/wp-content\/uploads\/2022\/03\/GREEN-POSATO-min.jpg\" alt=\"\" data-id=\"7360\" data-link=\"https:\/\/grazimac.pt\/?attachment_id=7360\" class=\"wp-image-7360\" srcset=\"https:\/\/grazimac.pt\/wp-content\/uploads\/2022\/03\/GREEN-POSATO-min.jpg 800w, https:\/\/grazimac.pt\/wp-content\/uploads\/2022\/03\/GREEN-POSATO-min-300x224.jpg 300w, https:\/\/grazimac.pt\/wp-content\/uploads\/2022\/03\/GREEN-POSATO-min-768x572.jpg 768w\" sizes=\"auto, (max-width: 800px) 100vw, 800px\" \/><\/figure><\/li><li class=\"blocks-gallery-item\"><figure><img loading=\"lazy\" decoding=\"async\" width=\"800\" height=\"600\" src=\"https:\/\/grazimac.pt\/wp-content\/uploads\/2022\/03\/green-slovacchia-min.jpg\" alt=\"\" data-id=\"7358\" data-link=\"https:\/\/grazimac.pt\/?attachment_id=7358\" class=\"wp-image-7358\" srcset=\"https:\/\/grazimac.pt\/wp-content\/uploads\/2022\/03\/green-slovacchia-min.jpg 800w, https:\/\/grazimac.pt\/wp-content\/uploads\/2022\/03\/green-slovacchia-min-300x225.jpg 300w, https:\/\/grazimac.pt\/wp-content\/uploads\/2022\/03\/green-slovacchia-min-768x576.jpg 768w\" sizes=\"auto, (max-width: 800px) 100vw, 800px\" \/><\/figure><\/li><li class=\"blocks-gallery-item\"><figure><img loading=\"lazy\" decoding=\"async\" width=\"800\" height=\"531\" src=\"https:\/\/grazimac.pt\/wp-content\/uploads\/2023\/09\/DSC_6480.jpg\" alt=\"\" data-id=\"7759\" data-full-url=\"https:\/\/grazimac.pt\/wp-content\/uploads\/2023\/09\/DSC_6480.jpg\" data-link=\"https:\/\/grazimac.pt\/?attachment_id=7759\" class=\"wp-image-7759\" srcset=\"https:\/\/grazimac.pt\/wp-content\/uploads\/2023\/09\/DSC_6480.jpg 800w, https:\/\/grazimac.pt\/wp-content\/uploads\/2023\/09\/DSC_6480-300x199.jpg 300w, https:\/\/grazimac.pt\/wp-content\/uploads\/2023\/09\/DSC_6480-768x510.jpg 768w, https:\/\/grazimac.pt\/wp-content\/uploads\/2023\/09\/DSC_6480-360x240.jpg 360w\" sizes=\"auto, (max-width: 800px) 100vw, 800px\" \/><\/figure><\/li><li class=\"blocks-gallery-item\"><figure><img loading=\"lazy\" decoding=\"async\" width=\"800\" height=\"531\" src=\"https:\/\/grazimac.pt\/wp-content\/uploads\/2023\/09\/DSC_9283.jpg\" alt=\"\" data-id=\"7761\" data-full-url=\"https:\/\/grazimac.pt\/wp-content\/uploads\/2023\/09\/DSC_9283.jpg\" data-link=\"https:\/\/grazimac.pt\/?attachment_id=7761\" class=\"wp-image-7761\" srcset=\"https:\/\/grazimac.pt\/wp-content\/uploads\/2023\/09\/DSC_9283.jpg 800w, https:\/\/grazimac.pt\/wp-content\/uploads\/2023\/09\/DSC_9283-300x199.jpg 300w, https:\/\/grazimac.pt\/wp-content\/uploads\/2023\/09\/DSC_9283-768x510.jpg 768w, https:\/\/grazimac.pt\/wp-content\/uploads\/2023\/09\/DSC_9283-360x240.jpg 360w\" sizes=\"auto, (max-width: 800px) 100vw, 800px\" \/><\/figure><\/li><li class=\"blocks-gallery-item\"><figure><img loading=\"lazy\" decoding=\"async\" width=\"800\" height=\"531\" src=\"https:\/\/grazimac.pt\/wp-content\/uploads\/2023\/09\/DSC_6510.jpg\" alt=\"\" data-id=\"7760\" data-full-url=\"https:\/\/grazimac.pt\/wp-content\/uploads\/2023\/09\/DSC_6510.jpg\" data-link=\"https:\/\/grazimac.pt\/?attachment_id=7760\" class=\"wp-image-7760\" srcset=\"https:\/\/grazimac.pt\/wp-content\/uploads\/2023\/09\/DSC_6510.jpg 800w, https:\/\/grazimac.pt\/wp-content\/uploads\/2023\/09\/DSC_6510-300x199.jpg 300w, https:\/\/grazimac.pt\/wp-content\/uploads\/2023\/09\/DSC_6510-768x510.jpg 768w, https:\/\/grazimac.pt\/wp-content\/uploads\/2023\/09\/DSC_6510-360x240.jpg 360w\" sizes=\"auto, (max-width: 800px) 100vw, 800px\" \/><\/figure><\/li><li class=\"blocks-gallery-item\"><figure><img loading=\"lazy\" decoding=\"async\" width=\"800\" height=\"531\" src=\"https:\/\/grazimac.pt\/wp-content\/uploads\/2023\/09\/DSC_6502.jpg\" alt=\"\" data-id=\"7762\" data-full-url=\"https:\/\/grazimac.pt\/wp-content\/uploads\/2023\/09\/DSC_6502.jpg\" data-link=\"https:\/\/grazimac.pt\/?attachment_id=7762\" class=\"wp-image-7762\" srcset=\"https:\/\/grazimac.pt\/wp-content\/uploads\/2023\/09\/DSC_6502.jpg 800w, https:\/\/grazimac.pt\/wp-content\/uploads\/2023\/09\/DSC_6502-300x199.jpg 300w, https:\/\/grazimac.pt\/wp-content\/uploads\/2023\/09\/DSC_6502-768x510.jpg 768w, https:\/\/grazimac.pt\/wp-content\/uploads\/2023\/09\/DSC_6502-360x240.jpg 360w\" sizes=\"auto, (max-width: 800px) 100vw, 800px\" \/><\/figure><\/li><\/ul><\/figure>\n<\/div>\n<\/div>\n<\/div><\/div>\n<\/div>\n<\/div>\n","protected":false},"excerpt":{"rendered":"<p>O GREEN PARKING \u00e9 uma grelha de enrelvamento composta de placas com elementos hexagonais em pl\u00e1stico reciclado com preval\u00eancia de PEAD, destina-se \u00e0 cria\u00e7\u00e3o de zonas de estacionamento e caminhos transit\u00e1veis. A forma hexagonal apresenta uma excelente resist\u00eancia protegendo a relva.As placas GREEN PARKING s\u00e3o produzidas inteiramente com pl\u00e1stico reciclado [&hellip;]<\/p>\n","protected":false},"author":1,"featured_media":0,"parent":339,"menu_order":0,"comment_status":"closed","ping_status":"closed","template":"","meta":{"_monsterinsights_skip_tracking":false,"_monsterinsights_sitenote_active":false,"_monsterinsights_sitenote_note":"","_monsterinsights_sitenote_category":0,"footnotes":""},"class_list":["post-7342","page","type-page","status-publish","hentry"],"_links":{"self":[{"href":"https:\/\/grazimac.pt\/index.php?rest_route=\/wp\/v2\/pages\/7342","targetHints":{"allow":["GET"]}}],"collection":[{"href":"https:\/\/grazimac.pt\/index.php?rest_route=\/wp\/v2\/pages"}],"about":[{"href":"https:\/\/grazimac.pt\/index.php?rest_route=\/wp\/v2\/types\/page"}],"author":[{"embeddable":true,"href":"https:\/\/grazimac.pt\/index.php?rest_route=\/wp\/v2\/users\/1"}],"replies":[{"embeddable":true,"href":"https:\/\/grazimac.pt\/index.php?rest_route=%2Fwp%2Fv2%2Fcomments&post=7342"}],"version-history":[{"count":7,"href":"https:\/\/grazimac.pt\/index.php?rest_route=\/wp\/v2\/pages\/7342\/revisions"}],"predecessor-version":[{"id":7766,"href":"https:\/\/grazimac.pt\/index.php?rest_route=\/wp\/v2\/pages\/7342\/revisions\/7766"}],"up":[{"embeddable":true,"href":"https:\/\/grazimac.pt\/index.php?rest_route=\/wp\/v2\/pages\/339"}],"wp:attachment":[{"href":"https:\/\/grazimac.pt\/index.php?rest_route=%2Fwp%2Fv2%2Fmedia&parent=7342"}],"curies":[{"name":"wp","href":"https:\/\/api.w.org\/{rel}","templated":true}]}}